 8084 is divided by 1347?
2
What is the remainder when 601 is divided by 255?
91
Calculate the remainder when 1276 is divided by 770.
506
What is the remainder when 1130 is divided by 35?
10
Calculate the remainder when 591 is divided by 137.
43
Calculate the remainder when 1825629 is divided by 10199.
8
Calculate the remainder when 119265 is divided by 216.
33
Calculate the remainder when 152626 is divided by 322.
320
Calculate the remainder when 357553 is divided by 11.
9
Calculate the remainder when 15675 is divided by 25.
0
What is the remainder when 41479 is divided by 27?
7
What is the remainder when 5847 is divided by 5514?
333
What is the remainder when 20804 is divided by 20798?
6
Calculate the remainder when 27696 is divided by 2302.
72
What is the remainder when 2832 is divided by 34?
10
Calculate the remainder when 5927 is divided by 14.
5
Calculate the remainder when 48745 is divided by 265.
250
Calculate the remainder when 3961 is divided by 326.
49
Calculate the remainder when 3053 is divided by 119.
78
What is the remainder when 1341 is divided by 1021?
320
Calculate the remainder when 266788 is divided by 2223.
28
What is the remainder when 44864 is divided by 659?
52
What is the remainder when 127813 is divided by 415?
408
Calculate the remainder when 127807 is divided by 33.
31
Calculate the remainder when 32476 is divided by 16202.
72
What is the remainder when 30116 is divided by 22?
20
What is the remainder when 126576 is divided by 485?
476
Calculate the remainder when 24273 is divided by 141.
21
What is the remainder when 102971 is divided by 477?
416
What is the remainder when 8573 is divided by 4266?
41
Calculate the remainder when 816 is divided by 150.
66
Calculate the remainder when 6265 is divided by 3130.
5
What is the remainder when 5338 is divided by 37?
10
Calculate the remainder when 26422 is divided by 1732.
442
Calculate the remainder when 21210 is divided by 643.
634
Calculate the remainder when 30413 is divided by 22.
9
Calculate the remainder when 5569 is divided by 122.
79
Calculate the remainder when 51806 is divided by 17267.
5
Calculate the remainder when 371 is divided by 29.
23
What is the remainder when 5354 is divided by 162?
8
What is the remainder when 2605 is divided by 2251?
354
What is the remainder when 911135 is divided by 32?
31
What is the remainder when 8311 is divided by 189?
184
Calculate the remainder when 15005 is divided by 456.
413
What is the remainder when 5830 is divided by 48?
22
Calculate the remainder when 24840295 is divided by 17.
14
Calculate the remainder when 3290 is divided by 140.
70
What is the remainder when 357 is divided by 127?
103
What is the remainder when 106952 is divided by 44?
32
Calculate the remainder when 215701 is divided by 21.
10
What is the remainder when 40073 is divided by 1032?
857
What is the remainder when 188334 is divided by 2897?
29
Calculate the remainder when 20043 is divided by 6570.
333
Calculate the remainder when 63124 is divided by 22.
6
What is the remainder when 43599 is divided by 67?
49
What is the remainder when 63724 is divided by 555?
454
Calculate the remainder when 4241 is divided by 59.
52
What is the remainder when 6012 is divided by 1291?
848
What is the remainder when 3808357 is divided by 760?
757
Calculate the remainder when 4712 is divided by 1563.
23
What is the remainder when 2788 is divided by 1384?
20
What is the remainder when 417987 is divided by 3?
0
Calculate the remainder when 21348 is divided by 254.
12
Calculate the remainder when 101564 is divided by 486.
476
Calculate the remainder when 15509 is divided by 3038.
319
Calculate the remainder when 1326 is divided by 114.
72
What is the remainder when 1723 is divided by 48?
43
Calculate the remainder when 2637228 is divided by 107.
106
What is the remainder when 8843 is divided by 2930?
53
What is the remainder when 5152 is divided by 69?
46
Calculate the remainder when 11198 is divided by 3732.
2
What is the remainder when 2994 is divided by 518?
404
What is the remainder when 680631 is divided by 124?
119
What is the remainder when 21956 is divided by 29?
3
What is the remainder when 2108 is divided by 142?
120
Calculate the remainder when 317943 is divided by 317915.
28
What is the remainder when 48090 is divided by 12?
6
Calculate the remainder when 5025 is divided by 55.
20
What is the remainder when 17909 is divided by 113?
55
Calculate the remainder when 9710 is divided by 1389.
1376
Calculate the remainder when 2081420 is divided by 49.
47
Calculate the remainder when 1746260 is divided by 1023.
1022
Calculate the remainder when 655224 is divided by 5284.
8
Calculate the remainder when 923406 is divided by 1793.
11
Calculate the remainder when 3518 is divided by 656.
238
Calculate the remainder when 80634 is divided by 645.
9
What is the remainder when 176818 is divided by 203?
5
What is the remainder when 7677 is divided by 108?
9
Calculate the remainder when 397 is divided by 104.
85
Calculate the remainder when 1290 is divided by 1234.
56
Calculate the remainder when 179757 is divided by 10.
7
What is the remainder when 7443 is divided by 929?
11
Calculate the remainder when 1383 is divided by 1378.
5
Calculate the remainder when 144940 is divided by 98.
96
What is the remainder when 732769 is divided by 239?
234
What is the remainder when 202196 is divided by 52?
20
Calculate the remainder when 7307 is divided by 867.
371
Calculate the remainder when 5054 is divided by 5046.
8
Calculate the remainder when 26284 is divided by 26254.
30
What is the remainder when 2242 is divided by 7?
2
Calculate the remainder when 2904 is divided by 6.
0
Calculate the remainder when 1254 is divided by 143.
110
What is the remainder when 895991 is divided by 3079?
2
What is the remainder when 1935 is divided by 263?
94
What is the remainder when 16845 is divided by 4961?
1962
What is the remainder when 98783 is divided by 447?
443
What is the remainder when 1082 is divided by 386?
310
What is the remainder when 186739 is divided by 251?
246
Calculate the remainder when 7004 is divided by 4.
0
Calculate the remainder when 255700 is divided by 8817.
7
What is the remainder when 13631 is divided by 47?
1
What is the remainder when 3003 is divided by 506?
473
Calculate the remainder when 128276 is divided by 39.
5
Calculate the remainder when 12406 is divided by 825.
31
Calculate the remainder when 2007 is divided by 374.
137
Calculate the remainder when 10088 is divided by 85.
58
Calculate the remainder when 19523 is divided by 55.
53
What is the remainder when 12145 is divided by 190?
175
What is the remainder when 193712 is divided by 38742?
2
Calculate the remainder when 454 is divided by 132.
58
Calculate the remainder when 711045 is divided by 15801.
0
Calculate the remainder when 185818 is divided by 95.
93
Calculate the remainder when 1054 is divided by 57.
28
What is the remainder when 650018 is divided by 389?
388
Calculate the remainder when 39766 is divided by 91.
90
What is the remainder when 2178 is divided by 272?
2
What is the remainder when 57613 is divided by 167?
165
Calculate the remainder when 250321 is divided by 13906.
13
What is the remainder when 5444 is divided by 2720?
4
Calculate the remainder when 12179 is divided by 4043.
50
What is the remainder when 3357 is divided by 143?
68
What is the remainder when 32996 is divided by 458?
20
Calculate the remainder when 699705 is divided by 233230.
15
Calculate the remainder when 28723 is divided by 576.
499
Calculate the remainder when 399893 is divided by 79972.
33
Calculate the remainder when 14044 is divided by 118.
2
What is the remainder when 32942 is divided by 1497?
8
Calculate the remainder when 52148 is divided by 13.
5
What is the remainder when 820 is divided by 229?
133
What is the remainder when 4590 is divided by 1308?
666
What is the remainder when 7169 is divided by 6?
5
Calculate the remainder when 4918455 is divided by 17.
15
Calculate the remainder when 3617 is divided by 1024.
545
Calculate the remainder when 92789 is divided by 10.
9
Calculate the remainder when 5611 is divided by 155.
31
Calculate the remainder when 14377 is divided by 13628.
749
Calculate the remainder when